re the prime factors of o?
13, 113
Suppose 775*q - 772*q + 5*o - 241427 = 0, 2*q = -4*o + 160956. List the prime factors of q.
2, 47, 107
List the prime factors of 21/(-16*(-48)/692480).
5, 7, 541
List the prime factors of -246*2/((-48)/2932)*3.
3, 41, 733
Let k = 10070 + 627. List the prime factors of k.
19, 563
Suppose -2*o + 3 = -2*n - 3, -20 = 4*n. Let m be (-876)/(8/o) - -3. Suppose -5*s + b + m = -334, 0 = -3*b - 3. List the prime factors of s.
3, 37
Suppose -82*s = -4*n - 79*s + 196639, -2*s = -4*n + 196642. What are the prime factors of n?
2, 47, 523
List the prime factors of ((-496)/(-868))/((-6)/(-74361)).
2, 3541
Suppose 40*n - 27510 - 88170 = 0. Suppose 7*b - 4934 = n. List the prime factors of b.
2, 13, 43
Let p(a) = -a**3 - 14*a**2 - 16*a - 7. Let q be 24/168 + (-184)/14. Let r be p(q). Suppose 46 = 3*l - r. What are the prime factors of l?
2, 13
Suppose 7*m - 3719 = 7929. List the prime factors of m.
2, 13
Suppose 2401 = 15*q - 8*q. Suppose q = 4*h + 4*g - 37, -h + 99 = 3*g. Let x = -80 + h. List the prime factors of x.
13
Let q(y) = 149*y + 1072. List the prime factors of q(12).
2, 5, 11, 13
Let a = -8265 - -41481. List the prime factors of a.
2, 3, 173
Let g = 9031 + -1730. What are the prime factors of g?
7, 149
List the prime factors of (-13 - (-224609)/66) + (-39)/18 + 2.
2, 3, 5, 113
Suppose -9*k = -0 - 0. Suppose -9*a - 2*a - 913 = k. Let z = a - -206. List the prime factors of z.
3, 41
Let l(k) = 132*k - 106. Let u be l(-18). Let q = -1425 - u. List the prime factors of q.
7, 151
Let q = -38 - -15. Let o = -20 - q. Suppose -2*c - 101 = -o*c. List the prime factors of c.
101
Let z = 353 - 430. What are the prime factors of 4*277 + 5 + z/7?
2, 19, 29
Suppose -4 = -u - f, 4*f + 5 = 3*u - 14. Suppose 0 = 6*c - u*c - 25. Suppose -c*r = -16*r - 1476. List the prime factors of r.
2, 41
List the prime factors of 3/(63/42693) - -11.
2, 7, 73
Let v(u) = u**2 + 19*u + 97. Let k = 435 - 439. List the prime factors of v(k).
37
Suppose 15*v - 72*v + 593712 = 0. List the prime factors of v.
2, 3, 7, 31
Let v(t) = t + 8. Let f be v(-5). Let l(p) = 19*p + 7360 + 9*p - 7351. List the prime factors of l(f).
3, 31
Let w(b) = -b**2 + 5*b - 2. Let v = 203 - 201. What are the prime factors of w(v)?
2
Let f = 23551 - 7178. List the prime factors of f.
7, 2339
Let j(p) = 23*p**2 + 4*p + 1. Let n(i) = -6*i + 9. Let f be n(2). Let x be j(f). Suppose x = 2*w + 4*y, 0*y + 5*y + 214 = 2*w. What are the prime factors of w?
2, 3, 17
Suppose 7*z - 193921 = q, 10*z + q + 83109 = 13*z. What are the prime factors of z?
13, 2131
Let w be 30/(-12) - (-1069)/(-2). Let c = -195 - w. List the prime factors of c.
2, 3, 19
Suppose v + 0 = 4. Suppose 4*u - 83 - 539 = 2*p, 3*p - 647 = -v*u. List the prime factors of u.
2, 79
Let c = 1487 - -5685. List the prime factors of c.
2, 11, 163
Let h = 511 + -84. Let y = -212 + h. What are the prime factors of y?
5, 43
Let a(n) = -223*n - 27. Let x be a(-7). Suppose 2*f + x = 4*l, -f = -2*f + 5. What are the prime factors of l?
2, 193
Let q = 46060 + -11809. List the prime factors of q.
3, 7, 233
Suppose -4*w - 52 = -3*h, -9*h = -5*w - 7*h - 58. Let y be w/(-15) - (-1)/3. List the prime factors of ((20 + 4)*(-8)/(-3))/y.
2
Suppose 0 = -40*o + 55*o - 432975. List the prime factors of o.
5, 23, 251
Let d = -433 - -442. Suppose -28110 = -21*k - d*k. List the prime factors of k.
937
Suppose -9*b + 2*b + 308 = 0. Let z = 222 - b. Suppose -z = -18*x + 16*x. What are the prime factors of x?
89
Let x(v) = 16*v - 99. Let w be x(6). List the prime factors of w + 4/4 + 288.
2, 11, 13
Let y(o) = -5175*o - 1035. List the prime factors of y(-3).
2, 3, 5, 7, 23
List the prime factors of (1288/(-35) - -2)/(11/(115665/(-6))).
3, 29, 701
Let k = -7 + 7. Suppose 10*a - 5*a + 40 = k. List the prime factors of (a/2)/(-6 - -2 - -2).
2
Let g = -23997 + 56023. List the prime factors of g.
2, 67, 239
Let i = 43760 + -27682. List the prime factors of i.
2, 8039
Suppose -4*k + 5*y + 288697 = 112190, 2*k = -4*y + 88234. What are the prime factors of k?
44123
Suppose 508*f - 60 = 488*f. Let p(c) = -3*c**3 - 2*c. Let h(a) = -7*a**3 + a**2 - 4*a + 1. Let o(l) = -3*h(l) + 5*p(l). List the prime factors of o(f).
2, 3, 23
Suppose -2*t + 0*w = 3*w - 14802, 0 = 2*t - 5*w - 14818. What are the prime factors of t?
2, 3, 617
Suppose 19*j + 2*j = 20883 + 70026. List the prime factors of j.
3, 13, 37
Let v(p) = 707*p**2 + 670*p + 3. List the prime factors of v(-4).
5, 11, 157
Suppose 14*j = 17*j - 12. Suppose 4*c = -j*o - 941 + 2865, 4*o = 12. List the prime factors of c.
2, 239
Let c(h) = h**3 - 17*h**2 + 26*h - 1. Let l(u) = 3*u**2 + u. Let b be l(4). Suppose 3*p - b = -2*f, 4*f = -p + 5*f + 14. What are the prime factors of c(p)?
3, 53
Let c be (0/(-3))/((-5)/((-5)/(-2))). Suppose c = -t - 2*t - t. Suppose 5*p + 10 = t, -2*d - 4*p + 132 = -2*p. List the prime factors of d.
2, 17
Let q(u) = -44*u**2 - 3*u + 4. Let y be q(6). Let z = y + 2703. What are the prime factors of z?
5, 13, 17
Let f(i) = 604*i**2 + 50*i - 92. What are the prime factors of f(3)?
2, 41, 67
Let z = -21 + 95. Suppose 142 = 2*i - z. Let f = -16 + i. What are the prime factors of f?
2, 23
Let n(o) = 142*o + 1207. List the prime factors of n(6).
29, 71
Let i = 107 + -104. Let h(x) = 15*x + i + 11*x - 19 + x. What are the prime factors of h(6)?
2, 73
Let g = 840 - -1897. Suppose -5*m = 172 - g. What are the prime factors of m?
3, 19
Let k(w) = -399*w + 3098. List the prime factors of k(-8).
2, 5, 17, 37
Let s be (-1 - -214)*3/9. Let d = s - -198. List the prime factors of d.
269
Let k(f) = -f**3 - 2*f**2 - 5*f + 3. Let j be k(0). Suppose 5*m - 2*a + j = 40, m + 11 = 5*a. List the prime factors of m.
3
Let y(u) = 7*u**3 - 6*u**3 - 2*u + 2 + 4*u**2 - 2*u + 3*u. Let z be y(-4). Suppose -111 = -z*i + 327. What are the prime factors of i?
73
Suppose 0 = 199*a - 207*a - 16. Let v(h) = 22*h + 7. Let b(x) = 45*x + 15. Let r(t) = 3*b(t) - 7*v(t). What are the prime factors of r(a)?
2, 17
Let r(g) = 230*g + 10. Let c be r(5). Let p = 101 + c. List the prime factors of p.
13, 97
Suppose -5*n + 0*n + 3*l - 21 = 0, 0 = -2*n - 4*l + 2. Let g be (-303)/33 + 4/22. List the prime factors of (3/(g/146))/(2/n).
73
Suppose -12011 = -2*r - l, r - 6153 = -3*l - 155. Suppose 12*u = r - 1291. List the prime factors of u.
3, 131
Suppose 3*t - 14 = -2*o + 2*t, 5*o - 3*t - 46 = 0. Suppose 3*r = -r + o. Suppose 76 = r*w - w. List the prime factors of w.
2, 19
Suppose -725823 = -74*b - 256885. What are the prime factors of b?
6337
Suppose -5*d + 3986 = 4*r, 5*d + 4*r - 1592 = 3*d. Suppose -5*v + 4*g + 1215 = 0, 4*v - d = 2*g + 174. What are the prime factors of v?
3
Let h(q) = q**3 + 36*q**2 + 63*q - 61. What are the prime factors of h(-29)?
3, 31, 43
Let l = 1270 - -3595. List the prime factors of l.
5, 7, 139
Let h = -67 - -51. Let u = h + 18. Suppose -2*p + u + 4 = 0. What are the prime factors of p?
3
Let u be (14 + 226)/((0 - 2) + 1). Let m = u + 729. List the prime factors of m.
3, 163
Let p(i) = i**3 + 4*i**2 + 4*i + 6. Suppose 2*a - 2 = -z, -5*z + 4*a = -0*a + 32. Let y be p(z). What are the prime factors of 164 + (0 - -4) + 40/y?
2, 41
Let l(g) = -2*g**2 + 25*g - 21. Let r be l(12). Let a(d) = -27*d + 27. Let x be a(r). Suppose 3*z - 156 = x. What are the prime factors of z?
2, 71
Let a(x) = 27*x**2 + 71*x - 523. What are the prime factors of a(-33)?
7, 17, 223
Suppose -4*s + 3*k = -5888, -3*s + k - 3*k + 4433 = 0. Suppose s = 3*f - 5*j - 1310, -4*f = -5*j - 3715. List the prime factors of f.
2, 3, 5, 31
Let l(i) = -9*i - 96. Suppose y = 5*n - 10, -2*n + 8 = -y + 1. Let t(a) = -13*a - 144. Let v(j) = y*t(j) + 7*l(j). What are the prime factors of v(15)?
2, 3, 13
What are the prime factors of (2 + -1 - -3) + 9875 + (-45)/9?
2, 4937
Let m(j) be the first derivative of -j**5/20 - 7*j**4/12 + j**3 - 3*j**2 + 12*j - 6. Let r(o) be the first derivative of m(o). List the prime factors of r(-9).
2, 3, 17
Suppose -5*k + 5107 = -4*k + 3*n, 3*k - 5*n - 15293 = 0. List the prime factors of k.
5101
Let q = 3 + 2. Suppose -3*j - 4 = -q*j. Suppose 4*m - 588 = -j*m. List the prime factors of m.
2, 7
Let g(d) = -15*d**2 - 9*d + 9. Let f(x) = 16*x**2 + 8*x - 8. Let b(k) = 6*f(k) + 5*g(k). Let j be b(3). Suppose h - j = -41. Wha